{"id":23023,"date":"2022-08-11T20:53:58","date_gmt":"2022-08-11T20:53:58","guid":{"rendered":"https:\/\/balmainhair.al\/?post_type=product&#038;p=23023"},"modified":"2026-01-14T22:16:40","modified_gmt":"2026-01-14T22:16:40","slug":"balmain-homme-bodyfying-conditioner-250ml","status":"publish","type":"product","link":"https:\/\/balmainhair.al\/?product=balmain-homme-bodyfying-conditioner-250ml","title":{"rendered":"Balmain Homme Bodyfying Conditioner 250ml"},"content":{"rendered":"","protected":false},"excerpt":{"rendered":"<p>Dedikuar posa\u00e7\u00ebrisht p\u00ebr kujdesin ndaj meshkujve, Bodifying hair Conditioner p\u00ebrmirson tekstur\u00ebn e flokut. Dend\u00ebson fibrat e flokeve dhe stimulon rritjen duke rezultuar n\u00eb flok\u00eb t\u00eb kuruar dhe m\u00eb t\u00eb plot\u00eb. Zbut flok\u00ebt dhe i ushqen ato t\u00ebr\u00ebsisht.<br \/>\nI parfumuar me arom\u00ebn intensive orientale dhe drunore te Balmain Homme.<\/p>\n<p>\u25e6 I p\u00ebrshtatsh\u00ebm p\u00ebr cdo tipologji floku.<br \/>\n\u25e6 Stimulon rritjen.<br \/>\n\u25e6 Shton tekstur\u00ebn dhe dend\u00ebson flok\u00ebt.<\/p>\n<p>Si ta aplikoni:<br \/>\nAplikojeni n\u00eb pjes\u00ebn e gjat\u00ebsis\u00eb n\u00eb flok\u00eb gjys\u00ebm t\u00eb lagur. Masazhoni but\u00ebsisht n\u00eb flok\u00eb dhe l\u00ebreni t\u00eb veproj\u00eb p\u00ebr 3-4 minuta, m\u00eb pas shp\u00eblajeni.<\/p>\n","protected":false},"featured_media":23024,"template":"","meta":[],"product_cat":[93,103,102],"product_tag":[],"class_list":{"0":"post-23023","1":"product","2":"type-product","3":"status-publish","4":"has-post-thumbnail","6":"product_cat-haircare","7":"product_cat-men","8":"product_cat-view-all","10":"first","11":"instock","12":"shipping-taxable","13":"purchasable","14":"product-type-simple","15":"pofo-product-3col"},"_links":{"self":[{"href":"https:\/\/balmainhair.al\/index.php?rest_route=\/wp\/v2\/product\/23023","targetHints":{"allow":["GET"]}}],"collection":[{"href":"https:\/\/balmainhair.al\/index.php?rest_route=\/wp\/v2\/product"}],"about":[{"href":"https:\/\/balmainhair.al\/index.php?rest_route=\/wp\/v2\/types\/product"}],"wp:featuredmedia":[{"embeddable":true,"href":"https:\/\/balmainhair.al\/index.php?rest_route=\/wp\/v2\/media\/23024"}],"wp:attachment":[{"href":"https:\/\/balmainhair.al\/index.php?rest_route=%2Fwp%2Fv2%2Fmedia&parent=23023"}],"wp:term":[{"taxonomy":"product_cat","embeddable":true,"href":"https:\/\/balmainhair.al\/index.php?rest_route=%2Fwp%2Fv2%2Fproduct_cat&post=23023"},{"taxonomy":"product_tag","embeddable":true,"href":"https:\/\/balmainhair.al\/index.php?rest_route=%2Fwp%2Fv2%2Fproduct_tag&post=23023"}],"curies":[{"name":"wp","href":"https:\/\/api.w.org\/{rel}","templated":true}]}}