{"id":22569,"date":"2022-05-30T16:22:50","date_gmt":"2022-05-30T16:22:50","guid":{"rendered":"https:\/\/balmainhair.al\/?post_type=product&#038;p=22569"},"modified":"2026-01-14T22:16:38","modified_gmt":"2026-01-14T22:16:38","slug":"dry-shampoo","status":"publish","type":"product","link":"https:\/\/balmainhair.al\/?product=dry-shampoo","title":{"rendered":"Dry Shampoo"},"content":{"rendered":"<p>Pershkrim i shkurter: Spraj freskues i menj\u00ebhersh\u00ebm p\u00ebr pastrim scalpi. Shampo e that\u00eb thith vajrat dhe sebumin e tep\u00ebrt duke ngritur rr\u00ebnj\u00ebt dhe duke shtuar volumin. Krijon flok\u00eb me tekstur\u00eb mat dhe plot trup.<\/p>\n<p>\u25cf Rifreskon flok\u00ebt<\/p>\n<p>\u25cf Thith vajrat dhe pastron l\u00ebkur\u00ebn e kok\u00ebs<\/p>\n<p>\u25cf I pasuruar me arom\u00ebn e firm\u00ebs Balmain Hair<\/p>\n<p>Pershkrim i detajuar:<\/p>\n<p>Shampo e that\u00eb e Balmain Hair Couture \u00ebsht\u00eb projektuar ve\u00e7an\u00ebrisht p\u00ebr t\u00eb freskuar menj\u00ebher\u00eb flok\u00ebt e yndyrsh\u00ebm. Ky produkt shum\u00ebfunksional, i pasuruar me p\u00ebrzierjen e njohur t\u00eb Argan Elixir dhe Protein\u00ebn e M\u00ebndafshit, pastron flok\u00ebt duke punuar si p\u00ebrforcues v\u00ebllimi. Spraji pastrues thith papast\u00ebrtit\u00eb duke i l\u00ebn\u00eb flok\u00ebt me nj\u00eb ndjenj\u00eb &#8220;t\u00eb sapo lar\u00eb&#8221;. Formula e injektuar me Signature Fragrance largon aromat e pad\u00ebshiruara dhe i l\u00eb flok\u00ebt me nj\u00eb arom\u00eb delikate freskuese.<\/p>\n<p>Si ta aplikoni<\/p>\n<p>Shkundni mir\u00eb para p\u00ebrdorimit. Sp\u00ebrkateni n\u00eb m\u00ebnyr\u00eb t\u00eb barabart\u00eb midis shtresave t\u00eb flok\u00ebve 20-30 cm nga koka. L\u00ebreni t\u00eb thahet, p\u00ebrhapeni me gishta dhe fshijeni shampon e tep\u00ebrt t\u00eb that\u00eb nga flok\u00ebt.<\/p>\n","protected":false},"excerpt":{"rendered":"<p>Pershkrim i shkurter: Spraj freskues i menj\u00ebhersh\u00ebm p\u00ebr pastrim scalpi. Shampo e that\u00eb thith vajrat dhe sebumin e tep\u00ebrt duke ngritur rr\u00ebnj\u00ebt dhe duke shtuar volumin. Krijon flok\u00eb me tekstur\u00eb mat dhe plot trup. \u25cf Rifreskon flok\u00ebt \u25cf Thith vajrat dhe pastron l\u00ebkur\u00ebn e kok\u00ebs \u25cf I pasuruar me arom\u00ebn e firm\u00ebs Balmain Hair Pershkrim i detajuar: Shampo e that\u00eb e Balmain Hair Couture \u00ebsht\u00eb projektuar ve\u00e7an\u00ebrisht p\u00ebr t\u00eb freskuar menj\u00ebher\u00eb flok\u00ebt e yndyrsh\u00ebm. Ky produkt shum\u00ebfunksional, i pasuruar me p\u00ebrzierjen e njohur t\u00eb Argan Elixir dhe Protein\u00ebn e M\u00ebndafshit, pastron flok\u00ebt duke punuar si p\u00ebrforcues v\u00ebllimi. Spraji pastrues thith papast\u00ebrtit\u00eb duke i l\u00ebn\u00eb flok\u00ebt me nj\u00eb ndjenj\u00eb &#8220;t\u00eb sapo lar\u00eb&#8221;. Formula e injektuar me Signature Fragrance largon aromat e pad\u00ebshiruara dhe i l\u00eb flok\u00ebt me nj\u00eb arom\u00eb delikate freskuese. Si ta aplikoni Shkundni mir\u00eb para p\u00ebrdorimit. Sp\u00ebrkateni n\u00eb m\u00ebnyr\u00eb t\u00eb barabart\u00eb midis shtresave t\u00eb flok\u00ebve 20-30 cm nga koka. L\u00ebreni t\u00eb thahet, p\u00ebrhapeni me gishta dhe fshijeni shampon e tep\u00ebrt t\u00eb that\u00eb nga flok\u00ebt.<\/p>\n","protected":false},"featured_media":22750,"template":"","meta":[],"product_cat":[93,102],"product_tag":[],"class_list":{"0":"post-22569","1":"product","2":"type-product","3":"status-publish","4":"has-post-thumbnail","6":"product_cat-haircare","7":"product_cat-view-all","9":"first","10":"instock","11":"shipping-taxable","12":"purchasable","13":"product-type-simple","14":"pofo-product-3col"},"_links":{"self":[{"href":"https:\/\/balmainhair.al\/index.php?rest_route=\/wp\/v2\/product\/22569","targetHints":{"allow":["GET"]}}],"collection":[{"href":"https:\/\/balmainhair.al\/index.php?rest_route=\/wp\/v2\/product"}],"about":[{"href":"https:\/\/balmainhair.al\/index.php?rest_route=\/wp\/v2\/types\/product"}],"wp:featuredmedia":[{"embeddable":true,"href":"https:\/\/balmainhair.al\/index.php?rest_route=\/wp\/v2\/media\/22750"}],"wp:attachment":[{"href":"https:\/\/balmainhair.al\/index.php?rest_route=%2Fwp%2Fv2%2Fmedia&parent=22569"}],"wp:term":[{"taxonomy":"product_cat","embeddable":true,"href":"https:\/\/balmainhair.al\/index.php?rest_route=%2Fwp%2Fv2%2Fproduct_cat&post=22569"},{"taxonomy":"product_tag","embeddable":true,"href":"https:\/\/balmainhair.al\/index.php?rest_route=%2Fwp%2Fv2%2Fproduct_tag&post=22569"}],"curies":[{"name":"wp","href":"https:\/\/api.w.org\/{rel}","templated":true}]}}