{"id":22563,"date":"2022-05-30T16:21:54","date_gmt":"2022-05-30T16:21:54","guid":{"rendered":"https:\/\/balmainhair.al\/?post_type=product&#038;p=22563"},"modified":"2026-01-14T22:16:37","modified_gmt":"2026-01-14T22:16:37","slug":"volume-mousse-strong","status":"publish","type":"product","link":"https:\/\/balmainhair.al\/?product=volume-mousse-strong","title":{"rendered":"Volume Mousse Strong"},"content":{"rendered":"<p>Pershkrim i shkurter: Mus stilimi fleksib\u00ebl dhe afatgjat\u00eb. Ofron trup dhe but\u00ebsi t\u00eb menj\u00ebhershme. Mbush boshtin e flok\u00ebve p\u00ebr t\u00eb shtuar volumin. Hidraton, mbron dhe trash flokun.<\/p>\n<p>\u25cf Mus p\u00ebr krijimin e v\u00ebllimit<\/p>\n<p>\u25cf Ushqen dhe riparon flok\u00ebt e d\u00ebmtuar<\/p>\n<p>\u25cf Mus p\u00ebr stilimi t\u00eb gjithansh\u00ebm me nj\u00eb mbajtje t\u00eb fort\u00eb<\/p>\n<p>Pershkrim i detajuar:<\/p>\n<p>Volume Mousse Strong jep volum dhe ushqen flok\u00ebt. P\u00ebrve\u00e7 k\u00ebsaj, Mousse Volume riparon flok\u00ebt e d\u00ebmtuar dhe statik. Formula jep volum maksimal dhe trash flokun duke siguruar nj\u00eb mbajtje afatgjat\u00eb pa l\u00ebn\u00eb mbetje t\u00eb pad\u00ebshiruara apo r\u00ebnduar flok\u00ebt. Mousse Strong \u00ebsht\u00eb e p\u00ebrkryer p\u00ebr t&#8217;i b\u00ebr\u00eb flok\u00ebt e holl\u00eb t\u00eb duken t\u00eb trash\u00eb, voluminoz dhe p\u00ebr t&#8217;u dh\u00ebn\u00eb atyre m\u00eb shum\u00eb fleksibilitet dhe trup. E pasuruar me arom\u00eb unike Balmain.<\/p>\n<p>Si ta aplikkoni<\/p>\n<p>Shkundni produktin mir\u00eb para p\u00ebrdorimit, aplikoni nj\u00eb sasi t\u00eb vog\u00ebl n\u00eb p\u00ebll\u00ebmb\u00ebn tuaj dhe p\u00ebrhapeni produktin n\u00eb flok\u00eb t\u00eb lagur. Tips dhe kombinime P\u00ebr nj\u00eb pamje ekstra voluminoze, perdoreni shkum\u00ebn n\u00eb t\u00eb gjith\u00eb flok\u00ebt dhe thajeni. P\u00ebr ka\u00e7urrelat, shtrydhni majat e flok\u00ebve me shkum\u00ebn e stilimit dhe l\u00ebrini t\u00eb thahen.<\/p>\n","protected":false},"excerpt":{"rendered":"<p>Pershkrim i shkurter: Mus stilimi fleksib\u00ebl dhe afatgjat\u00eb. Ofron trup dhe but\u00ebsi t\u00eb menj\u00ebhershme. Mbush boshtin e flok\u00ebve p\u00ebr t\u00eb shtuar volumin. Hidraton, mbron dhe trash flokun. \u25cf Mus p\u00ebr krijimin e v\u00ebllimit \u25cf Ushqen dhe riparon flok\u00ebt e d\u00ebmtuar \u25cf Mus p\u00ebr stilimi t\u00eb gjithansh\u00ebm me nj\u00eb mbajtje t\u00eb fort\u00eb Pershkrim i detajuar: Volume Mousse Strong jep volum dhe ushqen flok\u00ebt. P\u00ebrve\u00e7 k\u00ebsaj, Mousse Volume riparon flok\u00ebt e d\u00ebmtuar dhe statik. Formula jep volum maksimal dhe trash flokun duke siguruar nj\u00eb mbajtje afatgjat\u00eb pa l\u00ebn\u00eb mbetje t\u00eb pad\u00ebshiruara apo r\u00ebnduar flok\u00ebt. Mousse Strong \u00ebsht\u00eb e p\u00ebrkryer p\u00ebr t&#8217;i b\u00ebr\u00eb flok\u00ebt e holl\u00eb t\u00eb duken t\u00eb trash\u00eb, voluminoz dhe p\u00ebr t&#8217;u dh\u00ebn\u00eb atyre m\u00eb shum\u00eb fleksibilitet dhe trup. E pasuruar me arom\u00eb unike Balmain. Si ta aplikkoni Shkundni produktin mir\u00eb para p\u00ebrdorimit, aplikoni nj\u00eb sasi t\u00eb vog\u00ebl n\u00eb p\u00ebll\u00ebmb\u00ebn tuaj dhe p\u00ebrhapeni produktin n\u00eb flok\u00eb t\u00eb lagur. Tips dhe kombinime P\u00ebr nj\u00eb pamje ekstra voluminoze, perdoreni shkum\u00ebn n\u00eb t\u00eb gjith\u00eb flok\u00ebt dhe thajeni. P\u00ebr ka\u00e7urrelat, shtrydhni majat e flok\u00ebve me shkum\u00ebn e stilimit dhe l\u00ebrini t\u00eb thahen.<\/p>\n","protected":false},"featured_media":22761,"template":"","meta":[],"product_cat":[93,102],"product_tag":[],"class_list":{"0":"post-22563","1":"product","2":"type-product","3":"status-publish","4":"has-post-thumbnail","6":"product_cat-haircare","7":"product_cat-view-all","9":"first","10":"instock","11":"shipping-taxable","12":"purchasable","13":"product-type-simple","14":"pofo-product-3col"},"_links":{"self":[{"href":"https:\/\/balmainhair.al\/index.php?rest_route=\/wp\/v2\/product\/22563","targetHints":{"allow":["GET"]}}],"collection":[{"href":"https:\/\/balmainhair.al\/index.php?rest_route=\/wp\/v2\/product"}],"about":[{"href":"https:\/\/balmainhair.al\/index.php?rest_route=\/wp\/v2\/types\/product"}],"wp:featuredmedia":[{"embeddable":true,"href":"https:\/\/balmainhair.al\/index.php?rest_route=\/wp\/v2\/media\/22761"}],"wp:attachment":[{"href":"https:\/\/balmainhair.al\/index.php?rest_route=%2Fwp%2Fv2%2Fmedia&parent=22563"}],"wp:term":[{"taxonomy":"product_cat","embeddable":true,"href":"https:\/\/balmainhair.al\/index.php?rest_route=%2Fwp%2Fv2%2Fproduct_cat&post=22563"},{"taxonomy":"product_tag","embeddable":true,"href":"https:\/\/balmainhair.al\/index.php?rest_route=%2Fwp%2Fv2%2Fproduct_tag&post=22563"}],"curies":[{"name":"wp","href":"https:\/\/api.w.org\/{rel}","templated":true}]}}