{"id":22544,"date":"2022-05-30T16:16:17","date_gmt":"2022-05-30T16:16:17","guid":{"rendered":"https:\/\/balmainhair.al\/?post_type=product&#038;p=22544"},"modified":"2026-01-14T22:16:37","modified_gmt":"2026-01-14T22:16:37","slug":"couleurs-couture-mask","status":"publish","type":"product","link":"https:\/\/balmainhair.al\/?product=couleurs-couture-mask","title":{"rendered":"Couleurs Couture Mask"},"content":{"rendered":"<p>Pershkrim i shkurter Trajtim luxury spa p\u00ebr flok\u00ebt e lyer, t\u00eb d\u00ebmtuar dhe t\u00eb mbi-p\u00ebrpunuar. I pasuruar me nj\u00eb p\u00ebrzierje t\u00eb fuqishme t\u00eb Acidit Succinic, Argan Elixir, Proteina M\u00ebndafshi dhe Proteina Kashmiri p\u00ebr t\u00eb forcuar dhe mbrojtur struktur\u00ebn e flok\u00ebve. Rrit jet\u00ebgjat\u00ebsin\u00eb e ngjyr\u00ebs dhe i l\u00eb flok\u00ebt jasht\u00ebzakonisht t\u00eb but\u00eb.<\/p>\n<p>\u25cf Maska ushqyese p\u00ebr flok\u00eb t\u00eb lyer<\/p>\n<p>\u25cf Stimulon jet\u00ebgjat\u00ebsin\u00eb e ngjyrave<\/p>\n<p>\u25cf Forcon flok\u00ebt<\/p>\n<p>Pershkrim i detajuar:<\/p>\n<p>Koleksioni unik i kujdesit t\u00eb flokut Couleurs Couture \u00ebsht\u00eb krijuar posa\u00e7\u00ebrisht p\u00ebr flok\u00eb lyer, t\u00eb d\u00ebmtuara dhe t\u00eb p\u00ebrpunuara tep\u00ebr. Koleksioni Couleurs Couture Care promovon jet\u00ebgjat\u00ebsin\u00eb e ngjyr\u00ebs, riparon, forcon dhe ringjall flok\u00ebt thell\u00eb nga brenda. Formula e avancuar \u00ebsht\u00eb e pasuruar me p\u00ebrb\u00ebr\u00ebs t\u00eb cil\u00ebsis\u00eb m\u00eb t\u00eb lart\u00eb kombinuar me nj\u00eb arom\u00eb t\u00eb ve\u00e7ant\u00eb.<\/p>\n<p>Si ta aplikoni Aplikojeni n\u00eb gjat\u00ebsin\u00eb dhe majat e flok\u00ebve t\u00eb thar\u00eb me peshqir, masazhoni but\u00ebsisht dhe shp\u00eblajeni t\u00ebr\u00ebsisht pas 10 \u2013 15 minutash<\/p>\n","protected":false},"excerpt":{"rendered":"<p>Pershkrim i shkurter Trajtim luxury spa p\u00ebr flok\u00ebt e lyer, t\u00eb d\u00ebmtuar dhe t\u00eb mbi-p\u00ebrpunuar. I pasuruar me nj\u00eb p\u00ebrzierje t\u00eb fuqishme t\u00eb Acidit Succinic, Argan Elixir, Proteina M\u00ebndafshi dhe Proteina Kashmiri p\u00ebr t\u00eb forcuar dhe mbrojtur struktur\u00ebn e flok\u00ebve. Rrit jet\u00ebgjat\u00ebsin\u00eb e ngjyr\u00ebs dhe i l\u00eb flok\u00ebt jasht\u00ebzakonisht t\u00eb but\u00eb. \u25cf Maska ushqyese p\u00ebr flok\u00eb t\u00eb lyer \u25cf Stimulon jet\u00ebgjat\u00ebsin\u00eb e ngjyrave \u25cf Forcon flok\u00ebt Pershkrim i detajuar: Koleksioni unik i kujdesit t\u00eb flokut Couleurs Couture \u00ebsht\u00eb krijuar posa\u00e7\u00ebrisht p\u00ebr flok\u00eb lyer, t\u00eb d\u00ebmtuara dhe t\u00eb p\u00ebrpunuara tep\u00ebr. Koleksioni Couleurs Couture Care promovon jet\u00ebgjat\u00ebsin\u00eb e ngjyr\u00ebs, riparon, forcon dhe ringjall flok\u00ebt thell\u00eb nga brenda. Formula e avancuar \u00ebsht\u00eb e pasuruar me p\u00ebrb\u00ebr\u00ebs t\u00eb cil\u00ebsis\u00eb m\u00eb t\u00eb lart\u00eb kombinuar me nj\u00eb arom\u00eb t\u00eb ve\u00e7ant\u00eb. Si ta aplikoni Aplikojeni n\u00eb gjat\u00ebsin\u00eb dhe majat e flok\u00ebve t\u00eb thar\u00eb me peshqir, masazhoni but\u00ebsisht dhe shp\u00eblajeni t\u00ebr\u00ebsisht pas 10 \u2013 15 minutash<\/p>\n","protected":false},"featured_media":22816,"template":"","meta":[],"product_cat":[93,102],"product_tag":[],"class_list":{"0":"post-22544","1":"product","2":"type-product","3":"status-publish","4":"has-post-thumbnail","6":"product_cat-haircare","7":"product_cat-view-all","9":"first","10":"instock","11":"shipping-taxable","12":"purchasable","13":"product-type-simple","14":"pofo-product-3col"},"_links":{"self":[{"href":"https:\/\/balmainhair.al\/index.php?rest_route=\/wp\/v2\/product\/22544","targetHints":{"allow":["GET"]}}],"collection":[{"href":"https:\/\/balmainhair.al\/index.php?rest_route=\/wp\/v2\/product"}],"about":[{"href":"https:\/\/balmainhair.al\/index.php?rest_route=\/wp\/v2\/types\/product"}],"wp:featuredmedia":[{"embeddable":true,"href":"https:\/\/balmainhair.al\/index.php?rest_route=\/wp\/v2\/media\/22816"}],"wp:attachment":[{"href":"https:\/\/balmainhair.al\/index.php?rest_route=%2Fwp%2Fv2%2Fmedia&parent=22544"}],"wp:term":[{"taxonomy":"product_cat","embeddable":true,"href":"https:\/\/balmainhair.al\/index.php?rest_route=%2Fwp%2Fv2%2Fproduct_cat&post=22544"},{"taxonomy":"product_tag","embeddable":true,"href":"https:\/\/balmainhair.al\/index.php?rest_route=%2Fwp%2Fv2%2Fproduct_tag&post=22544"}],"curies":[{"name":"wp","href":"https:\/\/api.w.org\/{rel}","templated":true}]}}